{"id":2598,"date":"2023-05-12T16:45:08","date_gmt":"2023-05-12T15:45:08","guid":{"rendered":"https:\/\/tarnow.kwch.pl\/?page_id=2598"},"modified":"2023-08-28T21:14:11","modified_gmt":"2023-08-28T19:14:11","slug":"regulaminy","status":"publish","type":"page","link":"https:\/\/tarnow.kwch.pl\/?page_id=2598","title":{"rendered":"Regulaminy"},"content":{"rendered":"\n<!DOCTYPE html>\n<html>\n<head>\n\t<meta http-equiv=\"content-type\" content=\"text\/html; charset=utf-8\"\/>\n\t<title><\/title>\n\t<meta name=\"generator\" content=\"LibreOffice 7.5.0.3 (Windows)\"\/>\n\t<meta name=\"author\" content=\"user\"\/>\n\t<meta name=\"created\" content=\"2023-08-25T17:34:00\"\/>\n\t<meta name=\"changed\" content=\"2023-08-25T18:00:40.015000000\"\/>\n\t<meta name=\"Operator\" content=\"user\"\/>\n\t<style type=\"text\/css\">\n\t\t@page { margin-left: 2cm; margin-right: 1.2cm; margin-top: 2cm; margin-bottom: 2cm }\n\t\tp { line-height: 115%; text-align: left; orphans: 2; widows: 2; margin-bottom: 0.25cm }\n\t\tp.western { font-family: \"Calibri\", serif; font-size: 11pt; so-language: pl-PL }\n\t\tp.cjk { font-family: \"Calibri\"; font-size: 11pt; so-language: en-US }\n\t\tp.ctl { font-family: \"Times New Roman\"; font-size: 11pt; so-language: ar-SA }\n\t\ta:link { color: #0000ff }\n\t\ta.western:link { font-family: \"Times New Roman\", serif; font-size: 12pt }\n\t\ta.cjk:link { font-size: 12pt }\n\t\ta.ctl:link { font-size: 12pt }\n\t<\/style>\n<\/head>\n<body lang=\"pl-PL\" link=\"#0000ff\" dir=\"ltr\"><p class=\"western\" align=\"center\" style=\"line-height: 115%; margin-bottom: 0.35cm\">\n<font face=\"Liberation Sans, sans-serif\"><font size=\"5\" style=\"font-size: 18pt\"><b>PUNKT\nKATECHETYCZNY \u201eWolni Skauci\u201d<\/b><\/font><\/font><\/p>\n<p class=\"western\" style=\"line-height: 115%; margin-bottom: 0.35cm\"><font face=\"Liberation Sans, sans-serif\"><font size=\"4\" style=\"font-size: 14pt\"><b>Organizowany\nprzez Zb\u00f3r Ko\u015bcio\u0142a Wolnych Chrze\u015bcijan w Tarnowie<\/b><\/font><\/font><\/p>\n<p class=\"western\" style=\"line-height: 115%; margin-bottom: 0.35cm\"><br\/>\n<br\/>\n\n<\/p>\n<p class=\"western\" style=\"line-height: 115%; margin-bottom: 0.35cm\"><font face=\"Times New Roman, serif\"><font size=\"3\" style=\"font-size: 12pt\"><font face=\"Liberation Sans, sans-serif\"><span lang=\"pl-PL\"><b>REGULAMIN\nZACHOWANIA<\/b><\/span><\/font><\/font><\/font><\/p>\n<ol>\n\t<li><p align=\"left\" style=\"line-height: 115%; orphans: 2; widows: 2; margin-bottom: 0.35cm; background: transparent; page-break-before: auto\">\n\t<font face=\"Times New Roman, serif\"><font size=\"3\" style=\"font-size: 12pt\"><font face=\"Liberation Sans, sans-serif\"><span lang=\"pl-PL\">Ka\u017cdy\n\tuczestnik\/skaut jest zobowi\u0105zany do przestrzegania zasad zachowania.<\/span><\/font><\/font><\/font><\/p>\n\t<li><p align=\"left\" style=\"line-height: 115%; orphans: 2; widows: 2; margin-bottom: 0.35cm; background: transparent\">\n\t<font face=\"Times New Roman, serif\"><font size=\"3\" style=\"font-size: 12pt\"><font face=\"Liberation Sans, sans-serif\"><span lang=\"pl-PL\">Ka\u017cdy\n\tuczestnik\/skaut ma prawo i obowi\u0105zek udzia\u0142u we wszystkich zaj\u0119ciach.<\/span><\/font><\/font><\/font><\/p>\n\t<li><p align=\"left\" style=\"line-height: 115%; orphans: 2; widows: 2; margin-bottom: 0.35cm; background: transparent\">\n\t<font face=\"Times New Roman, serif\"><font size=\"3\" style=\"font-size: 12pt\"><font face=\"Liberation Sans, sans-serif\"><span lang=\"pl-PL\">Nale\u017cy przestrzega\u0107 zasad bezpiecze\u0144stwa.<\/span><\/font><\/font><\/font><\/p>\n\t<li><p align=\"left\" style=\"line-height: 115%; orphans: 2; widows: 2; margin-bottom: 0.35cm; background: transparent\">\n\t<font face=\"Times New Roman, serif\"><font size=\"3\" style=\"font-size: 12pt\"><font face=\"Liberation Sans, sans-serif\"><span lang=\"pl-PL\">Obowi\u0105zuje zakaz oddalania si\u0119 od grupy bez zgody i opieki nauczyciela \n\t(instruktora).<\/span><\/font><\/font><\/font><\/p>\n\t<li><p align=\"left\" style=\"line-height: 115%; orphans: 2; widows: 2; margin-bottom: 0.35cm; background: transparent\">\n\t<font face=\"Times New Roman, serif\"><font size=\"3\" style=\"font-size: 12pt\"><font face=\"Liberation Sans, sans-serif\"><span lang=\"pl-PL\">Nale\u017cy przestrzega\u0107 dyscypliny (w szczeg\u00f3lno\u015bci wykonywa\u0107 polecenia\n\tnauczycieli\/instruktor\u00f3w).<\/span><\/font><\/font><\/font><\/p>\n\t<li><p align=\"left\" style=\"line-height: 115%; orphans: 2; widows: 2; margin-bottom: 0.35cm; background: transparent\">\n\t<font face=\"Times New Roman, serif\"><font size=\"3\" style=\"font-size: 12pt\"><font face=\"Liberation Sans, sans-serif\"><span lang=\"pl-PL\">Bezwzgl\u0119dnie obowi\u0105zuje zakaz palenia, picia alkoholu oraz za\u017cywania innych\n\tu\u017cywek lub przychodzenia na spotkania\/zbi\u00f3rki pod ich wp\u0142ywem.<\/span><\/font><\/font><\/font><\/p>\n\t<li><p align=\"left\" style=\"line-height: 115%; orphans: 2; widows: 2; margin-bottom: 0.35cm; background: transparent\">\n\t<font face=\"Times New Roman, serif\"><font size=\"3\" style=\"font-size: 12pt\"><font face=\"Liberation Sans, sans-serif\"><span lang=\"pl-PL\">Wszelkie urazy (skaleczenia, st\u0142uczenia, zranienia, itp.) lub inne\n\tdolegliwo\u015bci nale\u017cy zg\u0142asza\u0107 do swoich nauczycieli\/instruktor\u00f3w.\n\t<\/span><\/font><\/font><\/font>\n\t<\/p>\n\t<li><p align=\"left\" style=\"line-height: 115%; orphans: 2; widows: 2; margin-bottom: 0.35cm; background: transparent\">\n\t<font face=\"Times New Roman, serif\"><font size=\"3\" style=\"font-size: 12pt\"><font face=\"Liberation Sans, sans-serif\"><span lang=\"pl-PL\">Narz\u0119dzia mo\u017cna u\u017cywa\u0107 jedynie na wyra\u017ane polecenie\n\tnauczycieli\/instruktor\u00f3w, w miejscu do tego wyznaczonym, zgodnie z\n\tprzeznaczeniem i tylko pod nadzorem.<\/span><\/font><\/font><\/font><\/p>\n\t<li><p align=\"left\" style=\"line-height: 115%; orphans: 2; widows: 2; margin-bottom: 0.35cm; background: transparent\">\n\t<font face=\"Times New Roman, serif\"><font size=\"3\" style=\"font-size: 12pt\"><font face=\"Liberation Sans, sans-serif\"><span lang=\"pl-PL\">Nale\u017cy ubiera\u0107 si\u0119 stosownie do pogody i wed\u0142ug wskaz\u00f3wek\n\tnauczycieli\/instruktor\u00f3w, oraz dbamy o higien\u0119 osobist\u0105.<\/span><\/font><\/font><\/font><\/p>\n\t<li><p align=\"left\" style=\"line-height: 115%; orphans: 2; widows: 2; margin-bottom: 0.35cm; background: transparent\">\n\t<font face=\"Times New Roman, serif\"><font size=\"3\" style=\"font-size: 12pt\"><font face=\"Liberation Sans, sans-serif\"><span lang=\"pl-PL\">Z cudzych przedmiot\u00f3w mo\u017cna korzysta\u0107 wy\u0142\u0105cznie za wyra\u017ana zgod\u0105\n\tich w\u0142a\u015bcicieli.<\/span><\/font><\/font><\/font><\/p>\n\t<li><p align=\"left\" style=\"line-height: 115%; orphans: 2; widows: 2; margin-bottom: 0.35cm; background: transparent\">\n\t<font face=\"Times New Roman, serif\"><font size=\"3\" style=\"font-size: 12pt\"><font face=\"Liberation Sans, sans-serif\"><span lang=\"pl-PL\">Obowi\u0105zuje zakaz u\u017cywania kom\u00f3rek, tablet\u00f3w i innych urz\u0105dze\u0144\n\telektronicznych w czasie zaj\u0119\u0107. Cenne przedmioty (kom\u00f3rki,\n\tpieni\u0105dze, delikatne ubrania, odtwarzacze, itp.) przynoszone i\n\tprzechowywane s\u0105 na w\u0142asna odpowiedzialno\u015b\u0107.<\/span><\/font><\/font><\/font><\/p>\n\t<li><p align=\"left\" style=\"line-height: 115%; orphans: 2; widows: 2; margin-bottom: 0.35cm; background: transparent\">\n\t<font face=\"Times New Roman, serif\"><font size=\"3\" style=\"font-size: 12pt\"><font face=\"Liberation Sans, sans-serif\"><span lang=\"pl-PL\">W miejscu zbi\u00f3rek\/spotka\u0144 zawsze nale\u017cy utrzymywa\u0107 porz\u0105dek.<\/span><\/font><\/font><\/font><\/p>\n\t<li><p align=\"left\" style=\"line-height: 115%; orphans: 2; widows: 2; margin-bottom: 0.35cm; background: transparent\">\n\t<font face=\"Times New Roman, serif\"><font size=\"3\" style=\"font-size: 12pt\"><font face=\"Liberation Sans, sans-serif\"><span lang=\"pl-PL\">Ocena wystawiana jest za aktywne uczestnictwo w zbi\u00f3rkach\/spotkaniach.<\/span><\/font><\/font><\/font><\/p>\n\t<li><p align=\"left\" style=\"line-height: 115%; orphans: 2; widows: 2; margin-bottom: 0.35cm; background: transparent\">\n\t<font face=\"Times New Roman, serif\"><font size=\"3\" style=\"font-size: 12pt\"><font face=\"Liberation Sans, sans-serif\"><span lang=\"pl-PL\">Nieprzestrzeganie regulaminu mo\u017ce spowodowa\u0107: <\/span><\/font><\/font><\/font>\n\t<\/p>\n<\/ol>\n<p align=\"left\" style=\"line-height: 115%; orphans: 2; widows: 2; margin-left: 0.8cm; text-indent: -0.6cm; margin-bottom: 0.35cm; background: transparent\">\n      <font face=\"Times New Roman, serif\"><font size=\"3\" style=\"font-size: 12pt\"><font face=\"Liberation Sans, sans-serif\"><span lang=\"pl-PL\">A.\nUpomnienie s\u0142owne,<\/span><\/font><\/font><\/font><\/p>\n<p align=\"left\" style=\"line-height: 115%; orphans: 2; widows: 2; margin-left: 0.8cm; text-indent: -0.6cm; margin-bottom: 0.35cm; background: transparent\">\n      <font face=\"Times New Roman, serif\"><font size=\"3\" style=\"font-size: 12pt\"><font face=\"Liberation Sans, sans-serif\"><span lang=\"pl-PL\">B.\nprzy nast\u0119pnych zdarzeniach:  udzielenie \u017c\u00f3\u0142tej kartki (wraz z\npowiadomieniem rodzic\u00f3w\/opiekun\u00f3w),<\/span><\/font><\/font><\/font><\/p>\n<p align=\"left\" style=\"line-height: 115%; orphans: 2; widows: 2; margin-left: 0.8cm; text-indent: -0.6cm; margin-bottom: 0.35cm; background: transparent\">\n<font face=\"Times New Roman, serif\"><font size=\"3\" style=\"font-size: 12pt\"><font face=\"Liberation Sans, sans-serif\"><span lang=\"pl-PL\">C.\nprzy braku poprawy udzielenie czerwonej kartki (wraz z powiadomieniem\nrodzic\u00f3w\/opiekun\u00f3w) skutkiem czego jest  wcze\u015bniejszy powr\u00f3t do\ndomu na koszt rodzic\u00f3w oraz zakaz udzia\u0142u w dw\u00f3ch kolejnych\nspotkaniach\/zbi\u00f3rkach.<\/span><\/font><\/font><\/font><\/p>\n<p align=\"left\" style=\"line-height: 115%; orphans: 2; widows: 2; margin-left: 0.8cm; text-indent: -0.6cm; margin-bottom: 0.35cm; background: transparent\">\n<br\/>\n<br\/>\n\n<\/p>\n<p align=\"left\" style=\"line-height: 115%; orphans: 2; widows: 2; margin-left: 0.8cm; text-indent: -0.6cm; margin-bottom: 0.35cm; background: transparent\">\n<br\/>\n<br\/>\n\n<\/p>\n<p class=\"western\" style=\"line-height: 100%; margin-bottom: 0cm\"><font face=\"Times New Roman, serif\"><font size=\"3\" style=\"font-size: 12pt\"><font face=\"Liberation Sans, sans-serif\"><font size=\"2\" style=\"font-size: 11pt\"><span lang=\"pl-PL\">Czytelny\npodpis uczestnika:<\/span><\/font><\/font><\/font><\/font><\/p>\n<p class=\"western\" style=\"line-height: 115%; margin-bottom: 0cm\">    \n                                                 \n\u2026\u2026\u2026\u2026\u2026\u2026\u2026\u2026\u2026\u2026\u2026\u2026\u2026\u2026\u2026\u2026\u2026\u2026\u2026\u2026\u2026<font face=\"Times New Roman, serif\"><font size=\"3\" style=\"font-size: 12pt\"><font face=\"Liberation Sans, sans-serif\"><font size=\"2\" style=\"font-size: 10pt\"><span lang=\"pl-PL\">&#8230;<\/span><\/font><\/font><\/font><\/font><\/p>\n<p class=\"western\" align=\"left\" style=\"line-height: 100%; margin-bottom: 0.05cm\">\n                                                                     \n                            <font face=\"Times New Roman, serif\"><font size=\"3\" style=\"font-size: 12pt\"><font face=\"Liberation Sans, sans-serif\"><font size=\"2\" style=\"font-size: 10pt\"><span lang=\"pl-PL\"><i>C<\/i><\/span><\/font><\/font><\/font><\/font><font face=\"Times New Roman, serif\"><font size=\"3\" style=\"font-size: 12pt\"><font face=\"Liberation Sans, sans-serif\"><font size=\"2\" style=\"font-size: 10pt\"><span lang=\"pl-PL\"><i>zytelny\npodpis<\/i><\/span><\/font><\/font><\/font><\/font><\/p>\n<p class=\"western\" align=\"left\" style=\"line-height: 100%; margin-bottom: 0.05cm\">\n<br\/>\n<br\/>\n\n<\/p>\n<p class=\"western\" align=\"left\" style=\"line-height: 100%; margin-bottom: 0.05cm\">\n<br\/>\n<br\/>\n\n<\/p>\n<p class=\"western\" align=\"left\" style=\"line-height: 100%; margin-bottom: 0.05cm\">\n<br\/>\n<br\/>\n\n<\/p>\n<p class=\"western\" align=\"left\" style=\"line-height: 100%; margin-bottom: 0.05cm\">\n<br\/>\n<br\/>\n\n<\/p>\n<p class=\"western\" style=\"line-height: 100%; margin-bottom: 0cm\"><font face=\"Times New Roman, serif\"><font size=\"3\" style=\"font-size: 12pt\"><font face=\"Liberation Sans, sans-serif\"><font size=\"2\" style=\"font-size: 11pt\"><span lang=\"pl-PL\">Data\ni c<\/span><\/font><\/font><\/font><\/font><font face=\"Times New Roman, serif\"><font size=\"3\" style=\"font-size: 12pt\"><font face=\"Liberation Sans, sans-serif\"><font size=\"2\" style=\"font-size: 11pt\"><span lang=\"pl-PL\">zytelny\npodpis rodzica\/opiekuna:<\/span><\/font><\/font><\/font><\/font><\/p>\n<p class=\"western\" align=\"left\" style=\"line-height: 100%; margin-bottom: 0.05cm\">\n                                                                     \n        \u2026\u2026\u2026\u2026\u2026\u2026\u2026\u2026\u2026\u2026\u2026\u2026\u2026\u2026\u2026\u2026\u2026\u2026\u2026\u2026\u2026\u2026\u2026\u2026\u2026\u2026<font face=\"Times New Roman, serif\"><font size=\"3\" style=\"font-size: 12pt\"><font face=\"Liberation Sans, sans-serif\"><font size=\"2\" style=\"font-size: 10pt\"><span lang=\"pl-PL\">.\u2026\n<\/span><\/font><\/font><\/font><\/font>\n<\/p>\n<p class=\"western\" align=\"left\" style=\"line-height: 100%; margin-bottom: 0.05cm\">\n                                                                     \n                                         <font face=\"Times New Roman, serif\"><font size=\"3\" style=\"font-size: 12pt\"><font face=\"Liberation Sans, sans-serif\"><font size=\"2\" style=\"font-size: 10pt\"><i>Data\ni c<\/i><\/font><\/font><\/font><\/font><font face=\"Times New Roman, serif\"><font size=\"3\" style=\"font-size: 12pt\"><font face=\"Liberation Sans, sans-serif\"><font size=\"2\" style=\"font-size: 10pt\"><i>zytelny\npodpis<\/i><\/font><\/font><\/font><\/font><font face=\"Times New Roman, serif\"><font size=\"3\" style=\"font-size: 12pt\"><font face=\"Liberation Sans, sans-serif\"><font size=\"2\" style=\"font-size: 11pt\">\n               <\/font><\/font><\/font><\/font>\n<\/p>\n<\/body>\n<\/html>\n\n\n\n<hr class=\"wp-block-separator has-alpha-channel-opacity is-style-wide\"\/>\n\n\n\n<div class=\"wp-block-file\"><a id=\"wp-block-file--media-849c1b9b-976f-4100-824b-e2a9ea7c155c\" href=\"https:\/\/tarnow.kwch.pl\/wp-content\/uploads\/2023\/08\/Regulamin-RR-w3.pdf\">Regulamin<\/a><a href=\"https:\/\/tarnow.kwch.pl\/wp-content\/uploads\/2023\/08\/Regulamin-RR-w3.pdf\" class=\"wp-block-file__button wp-element-button\" download aria-describedby=\"wp-block-file--media-849c1b9b-976f-4100-824b-e2a9ea7c155c\">Pobierz<\/a><\/div>\n","protected":false},"excerpt":{"rendered":"<p>PUNKT KATECHETYCZNY \u201eWolni Skauci\u201d Organizowany przez Zb\u00f3r Ko\u015bcio\u0142a Wolnych Chrze\u015bcijan w Tarnowie REGULAMIN ZACHOWANIA Ka\u017cdy uczestnik\/skaut jest zobowi\u0105zany do przestrzegania zasad zachowania. Ka\u017cdy uczestnik\/skaut ma prawo i obowi\u0105zek udzia\u0142u we wszystkich zaj\u0119ciach. Nale\u017cy przestrzega\u0107 zasad [&hellip;]<\/p>\n","protected":false},"author":1,"featured_media":0,"parent":2593,"menu_order":0,"comment_status":"closed","ping_status":"closed","template":"","meta":{"footnotes":""},"class_list":["post-2598","page","type-page","status-publish","hentry"],"_links":{"self":[{"href":"https:\/\/tarnow.kwch.pl\/index.php?rest_route=\/wp\/v2\/pages\/2598","targetHints":{"allow":["GET"]}}],"collection":[{"href":"https:\/\/tarnow.kwch.pl\/index.php?rest_route=\/wp\/v2\/pages"}],"about":[{"href":"https:\/\/tarnow.kwch.pl\/index.php?rest_route=\/wp\/v2\/types\/page"}],"author":[{"embeddable":true,"href":"https:\/\/tarnow.kwch.pl\/index.php?rest_route=\/wp\/v2\/users\/1"}],"replies":[{"embeddable":true,"href":"https:\/\/tarnow.kwch.pl\/index.php?rest_route=%2Fwp%2Fv2%2Fcomments&post=2598"}],"version-history":[{"count":11,"href":"https:\/\/tarnow.kwch.pl\/index.php?rest_route=\/wp\/v2\/pages\/2598\/revisions"}],"predecessor-version":[{"id":2772,"href":"https:\/\/tarnow.kwch.pl\/index.php?rest_route=\/wp\/v2\/pages\/2598\/revisions\/2772"}],"up":[{"embeddable":true,"href":"https:\/\/tarnow.kwch.pl\/index.php?rest_route=\/wp\/v2\/pages\/2593"}],"wp:attachment":[{"href":"https:\/\/tarnow.kwch.pl\/index.php?rest_route=%2Fwp%2Fv2%2Fmedia&parent=2598"}],"curies":[{"name":"wp","href":"https:\/\/api.w.org\/{rel}","templated":true}]}}