{"id":3781,"date":"2026-04-18T21:45:23","date_gmt":"2026-04-18T19:45:23","guid":{"rendered":"https:\/\/tarnow.kwch.pl\/?page_id=3781"},"modified":"2026-04-18T23:17:18","modified_gmt":"2026-04-18T21:17:18","slug":"chabowka-2026-zbor-bozy","status":"publish","type":"page","link":"https:\/\/tarnow.kwch.pl\/?page_id=3781","title":{"rendered":"Chab\u00f3wka 2026 &#8211; Zb\u00f3r Bo\u017cy."},"content":{"rendered":"\n<div class=\"wp-block-media-text is-stacked-on-mobile\" style=\"grid-template-columns:15% auto\"><figure class=\"wp-block-media-text__media\"><img loading=\"lazy\" decoding=\"async\" width=\"150\" height=\"84\" src=\"https:\/\/tarnow.kwch.pl\/wp-content\/uploads\/2026\/04\/Chabowka_c1.png\" alt=\"\" class=\"wp-image-3794 size-full\"\/><\/figure><div class=\"wp-block-media-text__content\">\n<audio controls style=\"width: 100%; max-width: 800px;\">\n  <source src=\"https:\/\/vod.tarnow.kwch.pl\/videos\/audio_260418200025_v22ad\/audio_260418200025_v22ad.mp3\" type=\"audio\/mpeg\">\n<\/audio>\n<\/div><\/div>\n\n\n\n<div class=\"wp-block-media-text is-stacked-on-mobile\" style=\"grid-template-columns:15% auto\"><figure class=\"wp-block-media-text__media\"><img loading=\"lazy\" decoding=\"async\" width=\"150\" height=\"84\" src=\"https:\/\/tarnow.kwch.pl\/wp-content\/uploads\/2026\/04\/Chabowka_c2.png\" alt=\"\" class=\"wp-image-3795 size-full\"\/><\/figure><div class=\"wp-block-media-text__content\">\n<audio controls style=\"width: 100%; max-width: 800px;\">\n  <source src=\"https:\/\/vod.tarnow.kwch.pl\/videos\/audio_260418223711_v19f4\/audio_260418223711_v19f4.mp3\" type=\"audio\/mpeg\">\n<\/audio>\n<\/div><\/div>\n\n\n\n<div class=\"wp-block-media-text is-stacked-on-mobile\" style=\"grid-template-columns:15% auto\"><figure class=\"wp-block-media-text__media\"><img loading=\"lazy\" decoding=\"async\" width=\"150\" height=\"84\" src=\"https:\/\/tarnow.kwch.pl\/wp-content\/uploads\/2026\/04\/Chabowka_c3.png\" alt=\"\" class=\"wp-image-3793 size-full\"\/><\/figure><div class=\"wp-block-media-text__content\">\n<audio controls style=\"width: 100%; max-width: 800px;\">\n  <source src=\"https:\/\/vod.tarnow.kwch.pl\/videos\/audio_260418223719_v531d\/audio_260418223719_v531d.mp3\" type=\"audio\/mpeg\">\n<\/audio>\n<\/div><\/div>\n\n\n\n<p><\/p>\n","protected":false},"excerpt":{"rendered":"","protected":false},"author":1,"featured_media":0,"parent":0,"menu_order":0,"comment_status":"closed","ping_status":"closed","template":"page-templates\/fullwidth.php","meta":{"footnotes":""},"class_list":["post-3781","page","type-page","status-publish","hentry"],"_links":{"self":[{"href":"https:\/\/tarnow.kwch.pl\/index.php?rest_route=\/wp\/v2\/pages\/3781","targetHints":{"allow":["GET"]}}],"collection":[{"href":"https:\/\/tarnow.kwch.pl\/index.php?rest_route=\/wp\/v2\/pages"}],"about":[{"href":"https:\/\/tarnow.kwch.pl\/index.php?rest_route=\/wp\/v2\/types\/page"}],"author":[{"embeddable":true,"href":"https:\/\/tarnow.kwch.pl\/index.php?rest_route=\/wp\/v2\/users\/1"}],"replies":[{"embeddable":true,"href":"https:\/\/tarnow.kwch.pl\/index.php?rest_route=%2Fwp%2Fv2%2Fcomments&post=3781"}],"version-history":[{"count":6,"href":"https:\/\/tarnow.kwch.pl\/index.php?rest_route=\/wp\/v2\/pages\/3781\/revisions"}],"predecessor-version":[{"id":3798,"href":"https:\/\/tarnow.kwch.pl\/index.php?rest_route=\/wp\/v2\/pages\/3781\/revisions\/3798"}],"wp:attachment":[{"href":"https:\/\/tarnow.kwch.pl\/index.php?rest_route=%2Fwp%2Fv2%2Fmedia&parent=3781"}],"curies":[{"name":"wp","href":"https:\/\/api.w.org\/{rel}","templated":true}]}}